+ w**3/3 + 20*w**2. List the prime factors of x(6).
2, 79
Suppose t - 216 = 13*t. List the prime factors of (-6543)/(-81) + (-4)/t.
3
Suppose -45*v = -5*v - 53280. What are the prime factors of v?
2, 3, 37
Let t = -17 - -8. Let s = t - -11. Suppose s*d = 5*d - 51. List the prime factors of d.
17
Let v be (-140)/(-16) + (-12)/16. Let i be v/52 - 126/(-26). Suppose -3*b + 111 = i*z, 4*b + 16 - 178 = -2*z. List the prime factors of b.
2, 3, 7
Let l = 403 - 378. What are the prime factors of l?
5
Suppose -5*f - 4*r + 1935 = 0, -4*r - r + 1557 = 4*f. List the prime factors of f.
383
Let h(x) = 1 - x + 2 + 6 + 3. What are the prime factors of h(-5)?
17
Suppose -2*x - 3*a = -114, 4*x - 292 = -x - 4*a. Suppose 8*c = 3*c - x. List the prime factors of (-5 + 4)/(2/c).
2, 3
Suppose -4*l = -262 + 102. Suppose 3*m + 4*r = 5*r + 136, -m + l = r. What are the prime factors of m?
2, 11
Let k = -97 + 342. Let d = -169 + k. List the prime factors of d.
2, 19
Suppose 55 + 47 = 2*g. Suppose 2*z - 2*i = 134, -z + 3*i - g = -2*z. List the prime factors of z.
3, 7
Suppose -2 = s, 2*p = 2*s - 4*s + 2. Suppose 2*r = d + 11, d = p*r - 15 + 3. What are the prime factors of (-1 - d)*(-2 - -3)?
2
Let f(i) = 139*i**2 - 10*i + 11. List the prime factors of f(3).
2, 7, 11
Let r(g) be the third derivative of -g**6/120 - g**5/12 + g**4/4 + g**3/3 - 3*g**2. Let l be r(-6). What are the prime factors of (l + (-6)/8)*20?
5
Suppose 18*m = 19*m - 5. Suppose -m*w + 423 = 123. Let b = w - 39. List the prime factors of b.
3, 7
Let f = 45 + 51. Suppose -i = 3*i - f. List the prime factors of i.
2, 3
Suppose x = 4*x - 15. Let u(q) = -30*q - 8 - x*q**2 + 25*q + q**3 - 1. List the prime factors of u(7).
2, 3
Let m(u) = -u + 0*u + 0*u + 0*u. Let t be m(-2). Suppose 55 = y - j, 5*j - 189 = -y - t*y. List the prime factors of y.
2, 29
Let y(v) be the first derivative of 4*v**4 + 5*v**2/2 - 8*v - 32. What are the prime factors of y(2)?
2, 5, 13
Let m be (3 + 210/4)*(-16)/12. Let b = m - -113. What are the prime factors of b?
3, 13
Let m be -1*(-2 - 45/(-3)). List the prime factors of ((-142)/(-10))/(m/(-65)).
71
Let h = 1 - -5. Suppose -u + h*u = -3*v + 174, -5*u = 15. What are the prime factors of v?
3, 7
Let x(n) = n**3 - n**2 + 5*n - 3. Let t = 0 - -3. What are the prime factors of x(t)?
2, 3, 5
Let v(k) = -k**3 - k**2 + 4. Let x be v(-2). Suppose 2*l = 26 + x. Suppose 125 = 4*u + l. List the prime factors of u.
3
List the prime factors of (14/4)/(-7)*-2778 - 7.
2, 691
What are the prime factors of (5 + 156/(-28))/(8/(-5516))?
2, 197
Suppose -4*v + 3*n + 20 = -0*v, -18 = v + 5*n. Suppose -2*j + 192 = v*j + 3*q, -240 = -5*j - 4*q. What are the prime factors of j?
2, 3
Let q = -89 - 22. Let s = 194 + q. What are the prime factors of s?
83
Let c(m) = -m**2 + m. Suppose 2*i - 4*u = i + 13, 0 = -4*u - 12. Let a be c(i). Suppose a = 3*g - 3*l - 3, -g - 5*l + 16 = g. List the prime factors of g.
3
Let w(g) = -16*g - 44. Let f = -97 - -88. What are the prime factors of w(f)?
2, 5
Let p = -38 + 42. Let a be 2/p*(-2 + 6). Suppose 2*h + q - 151 = 0, 0 = h + a*q - 5*q - 86. List the prime factors of h.
7, 11
Let b(p) = -17*p**2 - 5*p. Let x(c) = 288*c**2 + 84*c. Let i(z) = 84*b(z) + 5*x(z). Let n = -11 + 9. What are the prime factors of i(n)?
2, 3
Let x(r) = r**3 - r**2 - 2*r - 1. Let s be x(4). Let z = s + -25. Let o = 35 - z. What are the prime factors of o?
3, 7
Suppose 0*n - 12 = -4*n. Suppose 0 = -n*b + 5*b + 3*a - 11, -4*b - 3*a = -13. Let v = b - -14. List the prime factors of v.
3, 5
Let y = -64 + 310. Suppose -y = 7*x - 1072. What are the prime factors of x?
2, 59
Let b = -1495 - -2461. List the prime factors of b.
2, 3, 7, 23
Let n(o) = -7*o**3 - 2*o**2 + 4*o + 22. List the prime factors of n(-4).
2, 211
Let u = -104 + 109. Suppose -u = k - 98. List the prime factors of k.
3, 31
Suppose -4*h = -8, r + h + 2*h = 6. Suppose 11*c + 0*c - 1089 = r. What are the prime factors of c?
3, 11
Let r = -27 - -9. Let p be -4 - -3 - -3 - r. What are the prime factors of p/70 + (-250)/(-7)?
2, 3
Let u(q) be the first derivative of q**3/3 - q**2/2 + 10*q + 4. Let j be u(7). Suppose -8*l = -4*l - j. List the prime factors of l.
13
Let d be (0 + 9)/(2/(-18)). Let m be ((-62)/6)/(3/36). Let c = d - m. What are the prime factors of c?
43
Suppose 0 = -3*u - 2*i - 12, 4*u - 5*i + 6*i = -21. Let r = u - -56. What are the prime factors of r?
2, 5
Suppose 49 = -t + 389. What are the prime factors of t?
2, 5, 17
Let u(x) = -x**2 - 2*x + 20. Let c be u(-6). List the prime factors of (-20)/(-3*c/(-180)).
2, 3, 5
Let i = 9756 - 6038. What are the prime factors of i?
2, 11, 13
Suppose -227*d + 239*d - 6144 = 0. What are the prime factors of d?
2
Let u = 0 + 12. Suppose 2*y - 32 = u. Suppose 0 = 4*w - 20, -4*d - 3*w = -w - y. List the prime factors of d.
3
Suppose 132 = c - v, -8*v - 530 = -4*c - 6*v. Suppose 0 = 3*l - 2*u - 127, -5*l + 66 + c = 3*u. What are the prime factors of l?
41
Let x(a) = a**2. Let g(c) = -c**2 + 3 + c**3 + 4*c**2 - 2*c - 2*c**3. Let d be g(2). List the prime factors of x(d).
3
What are the prime factors of 27/108 + 12655/4?
2, 7, 113
Suppose 0 = 3*u - l - 33, 2*l = 4*u - 3*l - 55. Let t = 96 + u. List the prime factors of t.
2, 53
Let z(k) = -k**2 + 8*k + 10. Let v be z(7). Suppose s + 5 = v. What are the prime factors of s?
2, 3
Suppose -12 = b + 2*b. Let k(m) = -2*m - 2. Let c(q) = -6*q + 1. Let x(w) = 2*c(w) - 2*k(w). What are the prime factors of x(b)?
2, 19
Suppose 4*q - 6 - 2 = 0. Suppose -2*w + w + 24 = 4*t, 0 = -3*w + 2*t + q. Suppose 0 = g + w*g - 35. List the prime factors of g.
7
Let g be (51/(-15) - -3) + 1434/10. Suppose 307 = 15*l - g. What are the prime factors of l?
2, 3, 5
Suppose 19 = -10*t - 1. Let r(n) = -45*n + 6. List the prime factors of r(t).
2, 3
Let f(d) = -2*d**2 - 12*d - 6. Let w be f(-5). Suppose 3*p - w*p = -27. What are the prime factors of p?
3
Let k be 22 + (-3)/(0 - 3). Let w = k - 19. Let f(p) = 9*p + 5. List the prime factors of f(w).
41
Suppose y - 5*s - 279 = 0, 0*y + 3*y - 3*s - 825 = 0. What are the prime factors of y?
2, 137
Suppose -3*f - t + 4853 = 0, -18*f - 4*t + 6484 = -14*f. List the prime factors of f.
2, 101
Let g(r) = -7*r - 10. Let j be g(-3). Suppose 0 = 4*l - j*l + 777. What are the prime factors of l?
3, 37
Suppose o = u - 10, 3*u - 26 = u + 5*o. Suppose 92 = x - u. What are the prime factors of x?
2, 5
Let m(b) = 4 + 5*b**2 - 8 - 9*b + 2*b**2 - b**3 + 2*b. Let g be m(6). What are the prime factors of (-1)/(-2) - 505/g?
3, 17
Let z be (5/5)/(2 - 513/257). Suppose -5*w - z = -997. List the prime factors of w.
2, 37
Suppose -4*z + 6*z - 2 = 0, -3*z + 118 = 5*n. List the prime factors of n.
23
Suppose 0 = 3*z - 4*z + 2. Suppose -5*n + 4*i + 42 - 7 = 0, -21 = -3*n + i. Suppose z*f - 52 = -2*k, 4*k = 4*f + 121 + n. List the prime factors of k.
29
Let g(j) = -9*j**2 + 8 - 17 + 13*j**2. What are the prime factors of g(-4)?
5, 11
List the prime factors of -2 - ((-119)/14)/(-1)*-118.
7, 11, 13
What are the prime factors of (-213697)/(-66) + 5/(-6)?
3, 13, 83
Suppose 0 = 3*o + 2*g - 16 - 7, 5*o = -g + 43. Suppose o - 1 = -2*t. What are the prime factors of 1 - (3/(-3) + t)?
2, 3
Let u = 515 + 15. List the prime factors of u.
2, 5, 53
Let y be 40/4 - (3 - 0). Let r be 13 + -16 + (y - 1). Suppose g - 158 = -5*b, b = -0*b + r*g + 22. What are the prime factors of b?
31
Let o(x) = -28*x - 49. Let u be o(-6). Suppose 0 = -c - 15 + u. What are the prime factors of c?
2, 13
Let c(p) = -4*p + 2 + 5 - 5 - p. Let j be c(-9). Suppose -2*s - 2 = -i - j, i = 5*s - 111. What are the prime factors of s?
2, 11
Let y(c) = 7*c + 3. Suppose -27 = -6*v + 3*v. Let b be v/(-18) + 38/4. List the prime factors of y(b).
2, 3, 11
Suppose 3*q - 2*q = -3*u + 10, 3*q = 5*u + 100. Suppose -3*f = 2*f - q. What are the prime factors of 26*((-5)/(-2))/f?
13
Let t = 13 - 11. Suppose 4*j + 2*n = -n + 591, -4*n + 308 = t*j. List the prime factors of j.
2, 3
Let l(z) = -16*z - 44. Let i be l(-3). Suppose -689 = 5*n + 3*w, -n = -0*n - 4*w + 124. What are the prime factors of 1/((-2)/n*i)?
17
Let n(t) = 8*t - t**3 - t + 0*t + 8 - 6*t**2. Let q = -2 + -5. List the prime factors of n(q).
2
Let r(p) = -308*p - 335. List the prime factors of r(-12).
3361
Let s(y) = y + 7. Let f be s(-4). Su